{"id":10,"date":"2024-01-08T16:43:28","date_gmt":"2024-01-08T19:43:28","guid":{"rendered":"https:\/\/mambiente.cambe.pr.gov.br\/?page_id=10"},"modified":"2026-04-06T10:58:16","modified_gmt":"2026-04-06T13:58:16","slug":"dados-gerais","status":"publish","type":"page","link":"https:\/\/mambiente.cambe.pr.gov.br\/index.php\/dados-gerais\/","title":{"rendered":"Dados gerais"},"content":{"rendered":"<p style=\"text-align: justify;\">A Secretaria de Agricultura e Meio Ambiente (SAMA) foi institu\u00edda atrav\u00e9s da Lei Complementar N\u00ba 019\/2009, com a finalidade de estabelecer prioridades na implanta\u00e7\u00e3o de pol\u00edticas e programas de agricultura no munic\u00edpio, prestar assist\u00eancia nas atividades relacionas com a produ\u00e7\u00e3o agropecu\u00e1ria, bem como implantar e administrar a pol\u00edtica ambiental, visando assegurar a preserva\u00e7\u00e3o, recupera\u00e7\u00e3o e a explora\u00e7\u00e3o dos recursos naturais de Camb\u00e9.<\/p>\n<p style=\"text-align: justify;\">Ao Departamento de Agricultura compete, entre outras atribui\u00e7\u00f5es, o gerenciamento do Programa de Hortas Comunit\u00e1rias; a execu\u00e7\u00e3o de pol\u00edticas de desenvolvimento sustent\u00e1vel das atividades agropecu\u00e1rias do Munic\u00edpio; o desenvolvimento de atividades alternativas de renda, buscando melhor qualidade de vida dos agricultores e seus familiares; est\u00edmulo a atividades, a\u00e7\u00f5es, projetos e programas, em parcerias com organismos estaduais e federais, ou privados, cooperativas agr\u00edcolas e empresas de fomento, visando a produ\u00e7\u00e3o de produtos agroecol\u00f3gicos; e execu\u00e7\u00e3o das pol\u00edticas educacionais, junto \u00e0s propriedades rurais.<\/p>\n<p style=\"text-align: justify;\">Ao Departamento de Projetos e A\u00e7\u00f5es Ambientais compete, entre outras atribui\u00e7\u00f5es, zelar pela prote\u00e7\u00e3o ambiental em todo o territ\u00f3rio do munic\u00edpio; fiscalizar todas as formas de degrada\u00e7\u00e3o ambiental e fazer cumprir as leis, regulamentos e normas ambientais em vigor, em n\u00edvel municipal, estadual e federal; executar os servi\u00e7os de limpeza p\u00fablica e gest\u00e3o dos res\u00edduos s\u00f3lidos urbanos, mediante a\u00e7\u00f5es como a coleta convencional e seletiva de res\u00edduos domiciliares, a manuten\u00e7\u00e3o da arboriza\u00e7\u00e3o urbana, ro\u00e7agem e varri\u00e7\u00e3o de logradouros; desenvolver e coordenar campanhas educacionais e de treinamento, destinadas a conscientizar e incentivar a popula\u00e7\u00e3o para preserva\u00e7\u00e3o do ambiente; e elaborar e administrar projetos ambientais para a conserva\u00e7\u00e3o dos recursos naturais, como a cria\u00e7\u00e3o de parques, \u00e1reas de prote\u00e7\u00e3o ambiental, manuten\u00e7\u00e3o de \u00e1reas verdes, em conson\u00e2ncia com o planejamento urbano municipal.<\/p>\n<p style=\"text-align: justify;\">Atividades de medicina veterin\u00e1ria tamb\u00e9m s\u00e3o realizados pelo Departamento de Projetos e A\u00e7\u00f5es Ambientais. S\u00e3o disponibilizados os servi\u00e7os de esteriliza\u00e7\u00e3o\/castra\u00e7\u00e3o de c\u00e3es e gatos em situa\u00e7\u00e3o de risco, sem custos para fam\u00edlias de baixa renda e protetores de animais (ONGs e protetores independentes); averigua\u00e7\u00e3o de den\u00fancias de casos de maus-tratos aos animais; e resgate, transporte e guarda de animais de grande porte, soltos e abandonados nas vias de logradouros da zona urbana do munic\u00edpio.<\/p>\n<p>Secret\u00e1ria: Roberta Silveira Queiroz.<\/p>\n","protected":false},"excerpt":{"rendered":"<p>A Secretaria de Agricultura e Meio Ambiente (SAMA) foi institu\u00edda atrav\u00e9s da Lei Complementar N\u00ba 019\/2009, com a finalidade de estabelecer prioridades na implanta\u00e7\u00e3o de pol\u00edticas e programas de agricultura no munic\u00edpio, prestar assist\u00eancia nas atividades relacionas com a produ\u00e7\u00e3o agropecu\u00e1ria, bem como implantar e administrar a pol\u00edtica ambiental, visando assegurar a preserva\u00e7\u00e3o, recupera\u00e7\u00e3o e [&hellip;]<\/p>\n","protected":false},"author":1,"featured_media":0,"parent":0,"menu_order":0,"comment_status":"closed","ping_status":"closed","template":"","meta":{"ngg_post_thumbnail":0,"footnotes":""},"class_list":["post-10","page","type-page","status-publish","hentry"],"yoast_head":"<!-- This site is optimized with the Yoast SEO plugin v24.4 - https:\/\/yoast.com\/wordpress\/plugins\/seo\/ -->\n<title>Dados gerais - Secretaria de Agricultura e Meio Ambiente<\/title>\n<meta name=\"robots\" content=\"index, follow, max-snippet:-1, max-image-preview:large, max-video-preview:-1\" \/>\n<link rel=\"canonical\" href=\"https:\/\/mambiente.cambe.pr.gov.br\/index.php\/dados-gerais\/\" \/>\n<meta property=\"og:locale\" content=\"pt_BR\" \/>\n<meta property=\"og:type\" content=\"article\" \/>\n<meta property=\"og:title\" content=\"Dados gerais - Secretaria de Agricultura e Meio Ambiente\" \/>\n<meta property=\"og:description\" content=\"A Secretaria de Agricultura e Meio Ambiente (SAMA) foi institu\u00edda atrav\u00e9s da Lei Complementar N\u00ba 019\/2009, com a finalidade de estabelecer prioridades na implanta\u00e7\u00e3o de pol\u00edticas e programas de agricultura no munic\u00edpio, prestar assist\u00eancia nas atividades relacionas com a produ\u00e7\u00e3o agropecu\u00e1ria, bem como implantar e administrar a pol\u00edtica ambiental, visando assegurar a preserva\u00e7\u00e3o, recupera\u00e7\u00e3o e [&hellip;]\" \/>\n<meta property=\"og:url\" content=\"https:\/\/mambiente.cambe.pr.gov.br\/index.php\/dados-gerais\/\" \/>\n<meta property=\"og:site_name\" content=\"Secretaria de Agricultura e Meio Ambiente\" \/>\n<meta property=\"article:modified_time\" content=\"2026-04-06T13:58:16+00:00\" \/>\n<meta property=\"og:image\" content=\"https:\/\/mambiente.cambe.pr.gov.br\/wp-content\/uploads\/2024\/01\/SecretariaAgriculturaMeioAmbiente_site_.png\" \/>\n\t<meta property=\"og:image:width\" content=\"400\" \/>\n\t<meta property=\"og:image:height\" content=\"59\" \/>\n\t<meta property=\"og:image:type\" content=\"image\/png\" \/>\n<meta name=\"twitter:card\" content=\"summary_large_image\" \/>\n<meta name=\"twitter:label1\" content=\"Est. tempo de leitura\" \/>\n\t<meta name=\"twitter:data1\" content=\"2 minutos\" \/>\n<script type=\"application\/ld+json\" class=\"yoast-schema-graph\">{\"@context\":\"https:\/\/schema.org\",\"@graph\":[{\"@type\":\"WebPage\",\"@id\":\"https:\/\/mambiente.cambe.pr.gov.br\/index.php\/dados-gerais\/\",\"url\":\"https:\/\/mambiente.cambe.pr.gov.br\/index.php\/dados-gerais\/\",\"name\":\"Dados gerais - Secretaria de Agricultura e Meio Ambiente\",\"isPartOf\":{\"@id\":\"https:\/\/mambiente.cambe.pr.gov.br\/#website\"},\"datePublished\":\"2024-01-08T19:43:28+00:00\",\"dateModified\":\"2026-04-06T13:58:16+00:00\",\"breadcrumb\":{\"@id\":\"https:\/\/mambiente.cambe.pr.gov.br\/index.php\/dados-gerais\/#breadcrumb\"},\"inLanguage\":\"pt-BR\",\"potentialAction\":[{\"@type\":\"ReadAction\",\"target\":[\"https:\/\/mambiente.cambe.pr.gov.br\/index.php\/dados-gerais\/\"]}]},{\"@type\":\"BreadcrumbList\",\"@id\":\"https:\/\/mambiente.cambe.pr.gov.br\/index.php\/dados-gerais\/#breadcrumb\",\"itemListElement\":[{\"@type\":\"ListItem\",\"position\":1,\"name\":\"In\u00edcio\",\"item\":\"https:\/\/mambiente.cambe.pr.gov.br\/\"},{\"@type\":\"ListItem\",\"position\":2,\"name\":\"Dados gerais\"}]},{\"@type\":\"WebSite\",\"@id\":\"https:\/\/mambiente.cambe.pr.gov.br\/#website\",\"url\":\"https:\/\/mambiente.cambe.pr.gov.br\/\",\"name\":\"Secretaria de Agricultura e Meio Ambiente\",\"description\":\"\",\"publisher\":{\"@id\":\"https:\/\/mambiente.cambe.pr.gov.br\/#organization\"},\"potentialAction\":[{\"@type\":\"SearchAction\",\"target\":{\"@type\":\"EntryPoint\",\"urlTemplate\":\"https:\/\/mambiente.cambe.pr.gov.br\/?s={search_term_string}\"},\"query-input\":{\"@type\":\"PropertyValueSpecification\",\"valueRequired\":true,\"valueName\":\"search_term_string\"}}],\"inLanguage\":\"pt-BR\"},{\"@type\":\"Organization\",\"@id\":\"https:\/\/mambiente.cambe.pr.gov.br\/#organization\",\"name\":\"Secretaria de Agricultura e Meio Ambiente\",\"url\":\"https:\/\/mambiente.cambe.pr.gov.br\/\",\"logo\":{\"@type\":\"ImageObject\",\"inLanguage\":\"pt-BR\",\"@id\":\"https:\/\/mambiente.cambe.pr.gov.br\/#\/schema\/logo\/image\/\",\"url\":\"https:\/\/mambiente.cambe.pr.gov.br\/wp-content\/uploads\/2024\/01\/brasao_cambe.png\",\"contentUrl\":\"https:\/\/mambiente.cambe.pr.gov.br\/wp-content\/uploads\/2024\/01\/brasao_cambe.png\",\"width\":600,\"height\":600,\"caption\":\"Secretaria de Agricultura e Meio Ambiente\"},\"image\":{\"@id\":\"https:\/\/mambiente.cambe.pr.gov.br\/#\/schema\/logo\/image\/\"}}]}<\/script>\n<!-- \/ Yoast SEO plugin. -->","yoast_head_json":{"title":"Dados gerais - Secretaria de Agricultura e Meio Ambiente","robots":{"index":"index","follow":"follow","max-snippet":"max-snippet:-1","max-image-preview":"max-image-preview:large","max-video-preview":"max-video-preview:-1"},"canonical":"https:\/\/mambiente.cambe.pr.gov.br\/index.php\/dados-gerais\/","og_locale":"pt_BR","og_type":"article","og_title":"Dados gerais - Secretaria de Agricultura e Meio Ambiente","og_description":"A Secretaria de Agricultura e Meio Ambiente (SAMA) foi institu\u00edda atrav\u00e9s da Lei Complementar N\u00ba 019\/2009, com a finalidade de estabelecer prioridades na implanta\u00e7\u00e3o de pol\u00edticas e programas de agricultura no munic\u00edpio, prestar assist\u00eancia nas atividades relacionas com a produ\u00e7\u00e3o agropecu\u00e1ria, bem como implantar e administrar a pol\u00edtica ambiental, visando assegurar a preserva\u00e7\u00e3o, recupera\u00e7\u00e3o e [&hellip;]","og_url":"https:\/\/mambiente.cambe.pr.gov.br\/index.php\/dados-gerais\/","og_site_name":"Secretaria de Agricultura e Meio Ambiente","article_modified_time":"2026-04-06T13:58:16+00:00","og_image":[{"width":400,"height":59,"url":"https:\/\/mambiente.cambe.pr.gov.br\/wp-content\/uploads\/2024\/01\/SecretariaAgriculturaMeioAmbiente_site_.png","type":"image\/png"}],"twitter_card":"summary_large_image","twitter_misc":{"Est. tempo de leitura":"2 minutos"},"schema":{"@context":"https:\/\/schema.org","@graph":[{"@type":"WebPage","@id":"https:\/\/mambiente.cambe.pr.gov.br\/index.php\/dados-gerais\/","url":"https:\/\/mambiente.cambe.pr.gov.br\/index.php\/dados-gerais\/","name":"Dados gerais - Secretaria de Agricultura e Meio Ambiente","isPartOf":{"@id":"https:\/\/mambiente.cambe.pr.gov.br\/#website"},"datePublished":"2024-01-08T19:43:28+00:00","dateModified":"2026-04-06T13:58:16+00:00","breadcrumb":{"@id":"https:\/\/mambiente.cambe.pr.gov.br\/index.php\/dados-gerais\/#breadcrumb"},"inLanguage":"pt-BR","potentialAction":[{"@type":"ReadAction","target":["https:\/\/mambiente.cambe.pr.gov.br\/index.php\/dados-gerais\/"]}]},{"@type":"BreadcrumbList","@id":"https:\/\/mambiente.cambe.pr.gov.br\/index.php\/dados-gerais\/#breadcrumb","itemListElement":[{"@type":"ListItem","position":1,"name":"In\u00edcio","item":"https:\/\/mambiente.cambe.pr.gov.br\/"},{"@type":"ListItem","position":2,"name":"Dados gerais"}]},{"@type":"WebSite","@id":"https:\/\/mambiente.cambe.pr.gov.br\/#website","url":"https:\/\/mambiente.cambe.pr.gov.br\/","name":"Secretaria de Agricultura e Meio Ambiente","description":"","publisher":{"@id":"https:\/\/mambiente.cambe.pr.gov.br\/#organization"},"potentialAction":[{"@type":"SearchAction","target":{"@type":"EntryPoint","urlTemplate":"https:\/\/mambiente.cambe.pr.gov.br\/?s={search_term_string}"},"query-input":{"@type":"PropertyValueSpecification","valueRequired":true,"valueName":"search_term_string"}}],"inLanguage":"pt-BR"},{"@type":"Organization","@id":"https:\/\/mambiente.cambe.pr.gov.br\/#organization","name":"Secretaria de Agricultura e Meio Ambiente","url":"https:\/\/mambiente.cambe.pr.gov.br\/","logo":{"@type":"ImageObject","inLanguage":"pt-BR","@id":"https:\/\/mambiente.cambe.pr.gov.br\/#\/schema\/logo\/image\/","url":"https:\/\/mambiente.cambe.pr.gov.br\/wp-content\/uploads\/2024\/01\/brasao_cambe.png","contentUrl":"https:\/\/mambiente.cambe.pr.gov.br\/wp-content\/uploads\/2024\/01\/brasao_cambe.png","width":600,"height":600,"caption":"Secretaria de Agricultura e Meio Ambiente"},"image":{"@id":"https:\/\/mambiente.cambe.pr.gov.br\/#\/schema\/logo\/image\/"}}]}},"_links":{"self":[{"href":"https:\/\/mambiente.cambe.pr.gov.br\/index.php\/wp-json\/wp\/v2\/pages\/10","targetHints":{"allow":["GET"]}}],"collection":[{"href":"https:\/\/mambiente.cambe.pr.gov.br\/index.php\/wp-json\/wp\/v2\/pages"}],"about":[{"href":"https:\/\/mambiente.cambe.pr.gov.br\/index.php\/wp-json\/wp\/v2\/types\/page"}],"author":[{"embeddable":true,"href":"https:\/\/mambiente.cambe.pr.gov.br\/index.php\/wp-json\/wp\/v2\/users\/1"}],"replies":[{"embeddable":true,"href":"https:\/\/mambiente.cambe.pr.gov.br\/index.php\/wp-json\/wp\/v2\/comments?post=10"}],"version-history":[{"count":10,"href":"https:\/\/mambiente.cambe.pr.gov.br\/index.php\/wp-json\/wp\/v2\/pages\/10\/revisions"}],"predecessor-version":[{"id":616,"href":"https:\/\/mambiente.cambe.pr.gov.br\/index.php\/wp-json\/wp\/v2\/pages\/10\/revisions\/616"}],"wp:attachment":[{"href":"https:\/\/mambiente.cambe.pr.gov.br\/index.php\/wp-json\/wp\/v2\/media?parent=10"}],"curies":[{"name":"wp","href":"https:\/\/api.w.org\/{rel}","templated":true}]}}

<p style="text-align: justify;">A Secretaria de Agricultura e Meio Ambiente (SAMA) foi instituída através da Lei Complementar Nº 019/2009, com a finalidade de estabelecer prioridades na implantação de políticas e programas de agricultura no município, prestar assistência nas atividades relacionas com a produção agropecuária, bem como implantar e administrar a política ambiental, visando assegurar a preservação, recuperação e a exploração dos recursos naturais de Cambé.</p>
<p style="text-align: justify;">Ao Departamento de Agricultura compete, entre outras atribuições, o gerenciamento do Programa de Hortas Comunitárias; a execução de políticas de desenvolvimento sustentável das atividades agropecuárias do Município; o desenvolvimento de atividades alternativas de renda, buscando melhor qualidade de vida dos agricultores e seus familiares; estímulo a atividades, ações, projetos e programas, em parcerias com organismos estaduais e federais, ou privados, cooperativas agrícolas e empresas de fomento, visando a produção de produtos agroecológicos; e execução das políticas educacionais, junto às propriedades rurais.</p>
<p style="text-align: justify;">Ao Departamento de Projetos e Ações Ambientais compete, entre outras atribuições, zelar pela proteção ambiental em todo o território do município; fiscalizar todas as formas de degradação ambiental e fazer cumprir as leis, regulamentos e normas ambientais em vigor, em nível municipal, estadual e federal; executar os serviços de limpeza pública e gestão dos resíduos sólidos urbanos, mediante ações como a coleta convencional e seletiva de resíduos domiciliares, a manutenção da arborização urbana, roçagem e varrição de logradouros; desenvolver e coordenar campanhas educacionais e de treinamento, destinadas a conscientizar e incentivar a população para preservação do ambiente; e elaborar e administrar projetos ambientais para a conservação dos recursos naturais, como a criação de parques, áreas de proteção ambiental, manutenção de áreas verdes, em consonância com o planejamento urbano municipal.</p>
<p style="text-align: justify;">Atividades de medicina veterinária também são realizados pelo Departamento de Projetos e Ações Ambientais. São disponibilizados os serviços de esterilização/castração de cães e gatos em situação de risco, sem custos para famílias de baixa renda e protetores de animais (ONGs e protetores independentes); averiguação de denúncias de casos de maus-tratos aos animais; e resgate, transporte e guarda de animais de grande porte, soltos e abandonados nas vias de logradouros da zona urbana do município.</p>
<p>Secretária: Roberta Silveira Queiroz.</p>

<p>A Secretaria de Agricultura e Meio Ambiente (SAMA) foi instituída através da Lei Complementar Nº 019/2009, com a finalidade de estabelecer prioridades na implantação de políticas e programas de agricultura no município, prestar assistência nas atividades relacionas com a produção agropecuária, bem como implantar e administrar a política ambiental, visando assegurar a preservação, recuperação e [&hellip;]</p>

<!-- This site is optimized with the Yoast SEO plugin v24.4 - https://yoast.com/wordpress/plugins/seo/ -->
<title>Dados gerais - Secretaria de Agricultura e Meio Ambiente</title>
<meta name="robots" content="index, follow, max-snippet:-1, max-image-preview:large, max-video-preview:-1" />
<link rel="canonical" href="https://mambiente.cambe.pr.gov.br/index.php/dados-gerais/" />
<meta property="og:locale" content="pt_BR" />
<meta property="og:type" content="article" />
<meta property="og:title" content="Dados gerais - Secretaria de Agricultura e Meio Ambiente" />
<meta property="og:description" content="A Secretaria de Agricultura e Meio Ambiente (SAMA) foi instituída através da Lei Complementar Nº 019/2009, com a finalidade de estabelecer prioridades na implantação de políticas e programas de agricultura no município, prestar assistência nas atividades relacionas com a produção agropecuária, bem como implantar e administrar a política ambiental, visando assegurar a preservação, recuperação e [&hellip;]" />
<meta property="og:url" content="https://mambiente.cambe.pr.gov.br/index.php/dados-gerais/" />
<meta property="og:site_name" content="Secretaria de Agricultura e Meio Ambiente" />
<meta property="article:modified_time" content="2026-04-06T13:58:16+00:00" />
<meta property="og:image" content="https://mambiente.cambe.pr.gov.br/wp-content/uploads/2024/01/SecretariaAgriculturaMeioAmbiente_site_.png" />
	<meta property="og:image:width" content="400" />
	<meta property="og:image:height" content="59" />
	<meta property="og:image:type" content="image/png" />
<meta name="twitter:card" content="summary_large_image" />
<meta name="twitter:label1" content="Est. tempo de leitura" />
	<meta name="twitter:data1" content="2 minutos" />
<script type="application/ld+json" class="yoast-schema-graph">{"@context":"https://schema.org","@graph":[{"@type":"WebPage","@id":"https://mambiente.cambe.pr.gov.br/index.php/dados-gerais/","url":"https://mambiente.cambe.pr.gov.br/index.php/dados-gerais/","name":"Dados gerais - Secretaria de Agricultura e Meio Ambiente","isPartOf":{"@id":"https://mambiente.cambe.pr.gov.br/#website"},"datePublished":"2024-01-08T19:43:28+00:00","dateModified":"2026-04-06T13:58:16+00:00","breadcrumb":{"@id":"https://mambiente.cambe.pr.gov.br/index.php/dados-gerais/#breadcrumb"},"inLanguage":"pt-BR","potentialAction":[{"@type":"ReadAction","target":["https://mambiente.cambe.pr.gov.br/index.php/dados-gerais/"]}]},{"@type":"BreadcrumbList","@id":"https://mambiente.cambe.pr.gov.br/index.php/dados-gerais/#breadcrumb","itemListElement":[{"@type":"ListItem","position":1,"name":"Início","item":"https://mambiente.cambe.pr.gov.br/"},{"@type":"ListItem","position":2,"name":"Dados gerais"}]},{"@type":"WebSite","@id":"https://mambiente.cambe.pr.gov.br/#website","url":"https://mambiente.cambe.pr.gov.br/","name":"Secretaria de Agricultura e Meio Ambiente","description":"","publisher":{"@id":"https://mambiente.cambe.pr.gov.br/#organization"},"potentialAction":[{"@type":"SearchAction","target":{"@type":"EntryPoint","urlTemplate":"https://mambiente.cambe.pr.gov.br/?s={search_term_string}"},"query-input":{"@type":"PropertyValueSpecification","valueRequired":true,"valueName":"search_term_string"}}],"inLanguage":"pt-BR"},{"@type":"Organization","@id":"https://mambiente.cambe.pr.gov.br/#organization","name":"Secretaria de Agricultura e Meio Ambiente","url":"https://mambiente.cambe.pr.gov.br/","logo":{"@type":"ImageObject","inLanguage":"pt-BR","@id":"https://mambiente.cambe.pr.gov.br/#/schema/logo/image/","url":"https://mambiente.cambe.pr.gov.br/wp-content/uploads/2024/01/brasao_cambe.png","contentUrl":"https://mambiente.cambe.pr.gov.br/wp-content/uploads/2024/01/brasao_cambe.png","width":600,"height":600,"caption":"Secretaria de Agricultura e Meio Ambiente"},"image":{"@id":"https://mambiente.cambe.pr.gov.br/#/schema/logo/image/"}}]}</script>
<!-- / Yoast SEO plugin. -->

A Secretaria de Agricultura e Meio Ambiente (SAMA) foi instituída através da Lei Complementar Nº 019/2009, com a finalidade de estabelecer prioridades na implantação de políticas e programas de agricultura no município, prestar assistência nas atividades relacionas com a produção agropecuária, bem como implantar e administrar a política ambiental, visando assegurar a preservação, recuperação e [&hellip;]

Início
