{"id":273,"date":"2024-01-15T10:21:03","date_gmt":"2024-01-15T13:21:03","guid":{"rendered":"https:\/\/mambiente.cambe.pr.gov.br\/?page_id=273"},"modified":"2026-04-06T10:58:16","modified_gmt":"2026-04-06T13:58:16","slug":"doacao-de-mudas","status":"publish","type":"page","link":"https:\/\/mambiente.cambe.pr.gov.br\/index.php\/arborizacao-urbana\/doacao-de-mudas\/","title":{"rendered":"Doa\u00e7\u00e3o de Mudas"},"content":{"rendered":"<p style=\"text-align: justify;\"><img loading=\"lazy\" decoding=\"async\" class=\"alignleft wp-image-294\" src=\"https:\/\/mambiente.cambe.pr.gov.br\/wp-content\/uploads\/2024\/03\/Mudas-244x300.jpeg\" alt=\"\" width=\"367\" height=\"450\" srcset=\"https:\/\/mambiente.cambe.pr.gov.br\/wp-content\/uploads\/2024\/03\/Mudas-244x300.jpeg 244w, https:\/\/mambiente.cambe.pr.gov.br\/wp-content\/uploads\/2024\/03\/Mudas-834x1024.jpeg 834w, https:\/\/mambiente.cambe.pr.gov.br\/wp-content\/uploads\/2024\/03\/Mudas-768x943.jpeg 768w, https:\/\/mambiente.cambe.pr.gov.br\/wp-content\/uploads\/2024\/03\/Mudas-1251x1536.jpeg 1251w, https:\/\/mambiente.cambe.pr.gov.br\/wp-content\/uploads\/2024\/03\/Mudas-1668x2048.jpeg 1668w\" sizes=\"auto, (max-width: 367px) 100vw, 367px\" \/>A Secretaria de Agricultura e Meio Ambiente (SAMA) oferece mudas gratuitamente para os mun\u00edcipes de Camb\u00e9 colaborarem com a arboriza\u00e7\u00e3o urbana. Entre as esp\u00e9cies para doa\u00e7\u00e3o, est\u00e3o: Ac\u00e1cia-amarela, Quaresmeira, Pata-de-vaca, Canelinha, Ip\u00ea e Oiti.<\/p>\n<p style=\"text-align: justify;\"><strong>Como solicitar ou participar?<\/strong><\/p>\n<p style=\"text-align: justify;\">A solicita\u00e7\u00e3o deve ser feita presencialmente na SAMA (Localizada na Rua Francisco Delgado Sanches, 189 \u2013 Jardim Vit\u00f3ria).<\/p>\n<p style=\"text-align: justify;\">Atendimento de segunda a sexta-feira, das 8:30 \u00e0s 11:30 h e das 13 \u00e0s 17 h.<\/p>\n<p style=\"text-align: justify;\"><strong>Descri\u00e7\u00e3o de exig\u00eancias:<\/strong><\/p>\n<p style=\"text-align: justify;\">Indica\u00e7\u00e3o do local e espa\u00e7o livre para plantio, conforme a&nbsp;Lei Municipal n\u00ba 2.992\/2020, que disp\u00f5e sobre o C\u00f3digo de Arboriza\u00e7\u00e3o do Munic\u00edpio de Camb\u00e9.<\/p>\n<p style=\"text-align: justify;\"><strong>Retirada das mudas:<\/strong><\/p>\n<p style=\"text-align: justify;\">As mudas devem ser retiradas no Horto Municipal (Localizado na Rua Macei\u00f3, n\u00ba 230 \u2013 Vila Brasil).<\/p>\n<p style=\"text-align: justify;\">Atendimento de segunda a sexta-feira, das 8:00 \u00e0s 11:00 h e das 13 \u00e0s 16 h.<\/p>\n<p style=\"text-align: justify;\">Importante: Para retirada das mudas, a solicita\u00e7\u00e3o emitida pela SAMA deve ser apresentada.<\/p>\n","protected":false},"excerpt":{"rendered":"<p>A Secretaria de Agricultura e Meio Ambiente (SAMA) oferece mudas gratuitamente para os mun\u00edcipes de Camb\u00e9 colaborarem com a arboriza\u00e7\u00e3o urbana. Entre as esp\u00e9cies para doa\u00e7\u00e3o, est\u00e3o: Ac\u00e1cia-amarela, Quaresmeira, Pata-de-vaca, Canelinha, Ip\u00ea e Oiti. Como solicitar ou participar? A solicita\u00e7\u00e3o deve ser feita presencialmente na SAMA (Localizada na Rua Francisco Delgado Sanches, 189 \u2013 Jardim [&hellip;]<\/p>\n","protected":false},"author":1,"featured_media":0,"parent":135,"menu_order":2,"comment_status":"closed","ping_status":"closed","template":"","meta":{"ngg_post_thumbnail":0,"footnotes":""},"class_list":["post-273","page","type-page","status-publish","hentry"],"yoast_head":"<!-- This site is optimized with the Yoast SEO plugin v24.4 - https:\/\/yoast.com\/wordpress\/plugins\/seo\/ -->\n<title>Doa\u00e7\u00e3o de Mudas - Secretaria de Agricultura e Meio Ambiente<\/title>\n<meta name=\"robots\" content=\"index, follow, max-snippet:-1, max-image-preview:large, max-video-preview:-1\" \/>\n<link rel=\"canonical\" href=\"https:\/\/mambiente.cambe.pr.gov.br\/index.php\/arborizacao-urbana\/doacao-de-mudas\/\" \/>\n<meta property=\"og:locale\" content=\"pt_BR\" \/>\n<meta property=\"og:type\" content=\"article\" \/>\n<meta property=\"og:title\" content=\"Doa\u00e7\u00e3o de Mudas - Secretaria de Agricultura e Meio Ambiente\" \/>\n<meta property=\"og:description\" content=\"A Secretaria de Agricultura e Meio Ambiente (SAMA) oferece mudas gratuitamente para os mun\u00edcipes de Camb\u00e9 colaborarem com a arboriza\u00e7\u00e3o urbana. Entre as esp\u00e9cies para doa\u00e7\u00e3o, est\u00e3o: Ac\u00e1cia-amarela, Quaresmeira, Pata-de-vaca, Canelinha, Ip\u00ea e Oiti. Como solicitar ou participar? A solicita\u00e7\u00e3o deve ser feita presencialmente na SAMA (Localizada na Rua Francisco Delgado Sanches, 189 \u2013 Jardim [&hellip;]\" \/>\n<meta property=\"og:url\" content=\"https:\/\/mambiente.cambe.pr.gov.br\/index.php\/arborizacao-urbana\/doacao-de-mudas\/\" \/>\n<meta property=\"og:site_name\" content=\"Secretaria de Agricultura e Meio Ambiente\" \/>\n<meta property=\"article:modified_time\" content=\"2026-04-06T13:58:16+00:00\" \/>\n<meta property=\"og:image\" content=\"https:\/\/mambiente.cambe.pr.gov.br\/wp-content\/uploads\/2024\/03\/Mudas-scaled.jpeg\" \/>\n\t<meta property=\"og:image:width\" content=\"2086\" \/>\n\t<meta property=\"og:image:height\" content=\"2560\" \/>\n\t<meta property=\"og:image:type\" content=\"image\/jpeg\" \/>\n<meta name=\"twitter:card\" content=\"summary_large_image\" \/>\n<meta name=\"twitter:label1\" content=\"Est. tempo de leitura\" \/>\n\t<meta name=\"twitter:data1\" content=\"2 minutos\" \/>\n<script type=\"application\/ld+json\" class=\"yoast-schema-graph\">{\"@context\":\"https:\/\/schema.org\",\"@graph\":[{\"@type\":\"WebPage\",\"@id\":\"https:\/\/mambiente.cambe.pr.gov.br\/index.php\/arborizacao-urbana\/doacao-de-mudas\/\",\"url\":\"https:\/\/mambiente.cambe.pr.gov.br\/index.php\/arborizacao-urbana\/doacao-de-mudas\/\",\"name\":\"Doa\u00e7\u00e3o de Mudas - Secretaria de Agricultura e Meio Ambiente\",\"isPartOf\":{\"@id\":\"https:\/\/mambiente.cambe.pr.gov.br\/#website\"},\"primaryImageOfPage\":{\"@id\":\"https:\/\/mambiente.cambe.pr.gov.br\/index.php\/arborizacao-urbana\/doacao-de-mudas\/#primaryimage\"},\"image\":{\"@id\":\"https:\/\/mambiente.cambe.pr.gov.br\/index.php\/arborizacao-urbana\/doacao-de-mudas\/#primaryimage\"},\"thumbnailUrl\":\"https:\/\/mambiente.cambe.pr.gov.br\/wp-content\/uploads\/2024\/03\/Mudas-244x300.jpeg\",\"datePublished\":\"2024-01-15T13:21:03+00:00\",\"dateModified\":\"2026-04-06T13:58:16+00:00\",\"breadcrumb\":{\"@id\":\"https:\/\/mambiente.cambe.pr.gov.br\/index.php\/arborizacao-urbana\/doacao-de-mudas\/#breadcrumb\"},\"inLanguage\":\"pt-BR\",\"potentialAction\":[{\"@type\":\"ReadAction\",\"target\":[\"https:\/\/mambiente.cambe.pr.gov.br\/index.php\/arborizacao-urbana\/doacao-de-mudas\/\"]}]},{\"@type\":\"ImageObject\",\"inLanguage\":\"pt-BR\",\"@id\":\"https:\/\/mambiente.cambe.pr.gov.br\/index.php\/arborizacao-urbana\/doacao-de-mudas\/#primaryimage\",\"url\":\"https:\/\/mambiente.cambe.pr.gov.br\/wp-content\/uploads\/2024\/03\/Mudas-scaled.jpeg\",\"contentUrl\":\"https:\/\/mambiente.cambe.pr.gov.br\/wp-content\/uploads\/2024\/03\/Mudas-scaled.jpeg\",\"width\":2086,\"height\":2560},{\"@type\":\"BreadcrumbList\",\"@id\":\"https:\/\/mambiente.cambe.pr.gov.br\/index.php\/arborizacao-urbana\/doacao-de-mudas\/#breadcrumb\",\"itemListElement\":[{\"@type\":\"ListItem\",\"position\":1,\"name\":\"In\u00edcio\",\"item\":\"https:\/\/mambiente.cambe.pr.gov.br\/\"},{\"@type\":\"ListItem\",\"position\":2,\"name\":\"Arboriza\u00e7\u00e3o Urbana\",\"item\":\"https:\/\/mambiente.cambe.pr.gov.br\/index.php\/arborizacao-urbana\/\"},{\"@type\":\"ListItem\",\"position\":3,\"name\":\"Doa\u00e7\u00e3o de Mudas\"}]},{\"@type\":\"WebSite\",\"@id\":\"https:\/\/mambiente.cambe.pr.gov.br\/#website\",\"url\":\"https:\/\/mambiente.cambe.pr.gov.br\/\",\"name\":\"Secretaria de Agricultura e Meio Ambiente\",\"description\":\"\",\"publisher\":{\"@id\":\"https:\/\/mambiente.cambe.pr.gov.br\/#organization\"},\"potentialAction\":[{\"@type\":\"SearchAction\",\"target\":{\"@type\":\"EntryPoint\",\"urlTemplate\":\"https:\/\/mambiente.cambe.pr.gov.br\/?s={search_term_string}\"},\"query-input\":{\"@type\":\"PropertyValueSpecification\",\"valueRequired\":true,\"valueName\":\"search_term_string\"}}],\"inLanguage\":\"pt-BR\"},{\"@type\":\"Organization\",\"@id\":\"https:\/\/mambiente.cambe.pr.gov.br\/#organization\",\"name\":\"Secretaria de Agricultura e Meio Ambiente\",\"url\":\"https:\/\/mambiente.cambe.pr.gov.br\/\",\"logo\":{\"@type\":\"ImageObject\",\"inLanguage\":\"pt-BR\",\"@id\":\"https:\/\/mambiente.cambe.pr.gov.br\/#\/schema\/logo\/image\/\",\"url\":\"https:\/\/mambiente.cambe.pr.gov.br\/wp-content\/uploads\/2024\/01\/brasao_cambe.png\",\"contentUrl\":\"https:\/\/mambiente.cambe.pr.gov.br\/wp-content\/uploads\/2024\/01\/brasao_cambe.png\",\"width\":600,\"height\":600,\"caption\":\"Secretaria de Agricultura e Meio Ambiente\"},\"image\":{\"@id\":\"https:\/\/mambiente.cambe.pr.gov.br\/#\/schema\/logo\/image\/\"}}]}<\/script>\n<!-- \/ Yoast SEO plugin. -->","yoast_head_json":{"title":"Doa\u00e7\u00e3o de Mudas - Secretaria de Agricultura e Meio Ambiente","robots":{"index":"index","follow":"follow","max-snippet":"max-snippet:-1","max-image-preview":"max-image-preview:large","max-video-preview":"max-video-preview:-1"},"canonical":"https:\/\/mambiente.cambe.pr.gov.br\/index.php\/arborizacao-urbana\/doacao-de-mudas\/","og_locale":"pt_BR","og_type":"article","og_title":"Doa\u00e7\u00e3o de Mudas - Secretaria de Agricultura e Meio Ambiente","og_description":"A Secretaria de Agricultura e Meio Ambiente (SAMA) oferece mudas gratuitamente para os mun\u00edcipes de Camb\u00e9 colaborarem com a arboriza\u00e7\u00e3o urbana. Entre as esp\u00e9cies para doa\u00e7\u00e3o, est\u00e3o: Ac\u00e1cia-amarela, Quaresmeira, Pata-de-vaca, Canelinha, Ip\u00ea e Oiti. Como solicitar ou participar? A solicita\u00e7\u00e3o deve ser feita presencialmente na SAMA (Localizada na Rua Francisco Delgado Sanches, 189 \u2013 Jardim [&hellip;]","og_url":"https:\/\/mambiente.cambe.pr.gov.br\/index.php\/arborizacao-urbana\/doacao-de-mudas\/","og_site_name":"Secretaria de Agricultura e Meio Ambiente","article_modified_time":"2026-04-06T13:58:16+00:00","og_image":[{"width":2086,"height":2560,"url":"https:\/\/mambiente.cambe.pr.gov.br\/wp-content\/uploads\/2024\/03\/Mudas-scaled.jpeg","type":"image\/jpeg"}],"twitter_card":"summary_large_image","twitter_misc":{"Est. tempo de leitura":"2 minutos"},"schema":{"@context":"https:\/\/schema.org","@graph":[{"@type":"WebPage","@id":"https:\/\/mambiente.cambe.pr.gov.br\/index.php\/arborizacao-urbana\/doacao-de-mudas\/","url":"https:\/\/mambiente.cambe.pr.gov.br\/index.php\/arborizacao-urbana\/doacao-de-mudas\/","name":"Doa\u00e7\u00e3o de Mudas - Secretaria de Agricultura e Meio Ambiente","isPartOf":{"@id":"https:\/\/mambiente.cambe.pr.gov.br\/#website"},"primaryImageOfPage":{"@id":"https:\/\/mambiente.cambe.pr.gov.br\/index.php\/arborizacao-urbana\/doacao-de-mudas\/#primaryimage"},"image":{"@id":"https:\/\/mambiente.cambe.pr.gov.br\/index.php\/arborizacao-urbana\/doacao-de-mudas\/#primaryimage"},"thumbnailUrl":"https:\/\/mambiente.cambe.pr.gov.br\/wp-content\/uploads\/2024\/03\/Mudas-244x300.jpeg","datePublished":"2024-01-15T13:21:03+00:00","dateModified":"2026-04-06T13:58:16+00:00","breadcrumb":{"@id":"https:\/\/mambiente.cambe.pr.gov.br\/index.php\/arborizacao-urbana\/doacao-de-mudas\/#breadcrumb"},"inLanguage":"pt-BR","potentialAction":[{"@type":"ReadAction","target":["https:\/\/mambiente.cambe.pr.gov.br\/index.php\/arborizacao-urbana\/doacao-de-mudas\/"]}]},{"@type":"ImageObject","inLanguage":"pt-BR","@id":"https:\/\/mambiente.cambe.pr.gov.br\/index.php\/arborizacao-urbana\/doacao-de-mudas\/#primaryimage","url":"https:\/\/mambiente.cambe.pr.gov.br\/wp-content\/uploads\/2024\/03\/Mudas-scaled.jpeg","contentUrl":"https:\/\/mambiente.cambe.pr.gov.br\/wp-content\/uploads\/2024\/03\/Mudas-scaled.jpeg","width":2086,"height":2560},{"@type":"BreadcrumbList","@id":"https:\/\/mambiente.cambe.pr.gov.br\/index.php\/arborizacao-urbana\/doacao-de-mudas\/#breadcrumb","itemListElement":[{"@type":"ListItem","position":1,"name":"In\u00edcio","item":"https:\/\/mambiente.cambe.pr.gov.br\/"},{"@type":"ListItem","position":2,"name":"Arboriza\u00e7\u00e3o Urbana","item":"https:\/\/mambiente.cambe.pr.gov.br\/index.php\/arborizacao-urbana\/"},{"@type":"ListItem","position":3,"name":"Doa\u00e7\u00e3o de Mudas"}]},{"@type":"WebSite","@id":"https:\/\/mambiente.cambe.pr.gov.br\/#website","url":"https:\/\/mambiente.cambe.pr.gov.br\/","name":"Secretaria de Agricultura e Meio Ambiente","description":"","publisher":{"@id":"https:\/\/mambiente.cambe.pr.gov.br\/#organization"},"potentialAction":[{"@type":"SearchAction","target":{"@type":"EntryPoint","urlTemplate":"https:\/\/mambiente.cambe.pr.gov.br\/?s={search_term_string}"},"query-input":{"@type":"PropertyValueSpecification","valueRequired":true,"valueName":"search_term_string"}}],"inLanguage":"pt-BR"},{"@type":"Organization","@id":"https:\/\/mambiente.cambe.pr.gov.br\/#organization","name":"Secretaria de Agricultura e Meio Ambiente","url":"https:\/\/mambiente.cambe.pr.gov.br\/","logo":{"@type":"ImageObject","inLanguage":"pt-BR","@id":"https:\/\/mambiente.cambe.pr.gov.br\/#\/schema\/logo\/image\/","url":"https:\/\/mambiente.cambe.pr.gov.br\/wp-content\/uploads\/2024\/01\/brasao_cambe.png","contentUrl":"https:\/\/mambiente.cambe.pr.gov.br\/wp-content\/uploads\/2024\/01\/brasao_cambe.png","width":600,"height":600,"caption":"Secretaria de Agricultura e Meio Ambiente"},"image":{"@id":"https:\/\/mambiente.cambe.pr.gov.br\/#\/schema\/logo\/image\/"}}]}},"_links":{"self":[{"href":"https:\/\/mambiente.cambe.pr.gov.br\/index.php\/wp-json\/wp\/v2\/pages\/273","targetHints":{"allow":["GET"]}}],"collection":[{"href":"https:\/\/mambiente.cambe.pr.gov.br\/index.php\/wp-json\/wp\/v2\/pages"}],"about":[{"href":"https:\/\/mambiente.cambe.pr.gov.br\/index.php\/wp-json\/wp\/v2\/types\/page"}],"author":[{"embeddable":true,"href":"https:\/\/mambiente.cambe.pr.gov.br\/index.php\/wp-json\/wp\/v2\/users\/1"}],"replies":[{"embeddable":true,"href":"https:\/\/mambiente.cambe.pr.gov.br\/index.php\/wp-json\/wp\/v2\/comments?post=273"}],"version-history":[{"count":4,"href":"https:\/\/mambiente.cambe.pr.gov.br\/index.php\/wp-json\/wp\/v2\/pages\/273\/revisions"}],"predecessor-version":[{"id":296,"href":"https:\/\/mambiente.cambe.pr.gov.br\/index.php\/wp-json\/wp\/v2\/pages\/273\/revisions\/296"}],"up":[{"embeddable":true,"href":"https:\/\/mambiente.cambe.pr.gov.br\/index.php\/wp-json\/wp\/v2\/pages\/135"}],"wp:attachment":[{"href":"https:\/\/mambiente.cambe.pr.gov.br\/index.php\/wp-json\/wp\/v2\/media?parent=273"}],"curies":[{"name":"wp","href":"https:\/\/api.w.org\/{rel}","templated":true}]}}