{"id":297,"date":"2024-03-14T13:30:28","date_gmt":"2024-03-14T16:30:28","guid":{"rendered":"https:\/\/mambiente.cambe.pr.gov.br\/?page_id=297"},"modified":"2026-04-06T10:58:16","modified_gmt":"2026-04-06T13:58:16","slug":"hortas-comunitarias","status":"publish","type":"page","link":"https:\/\/mambiente.cambe.pr.gov.br\/index.php\/hortas-comunitarias\/","title":{"rendered":"Hortas Comunit\u00e1rias"},"content":{"rendered":"<p style=\"text-align: justify;\">O Projeto de Hortas Comunit\u00e1rias existe desde 1983 em Camb\u00e9, \u00e9 refer\u00eancia no Paran\u00e1 e atende, direta e indiretamente, cerca de 1.200 fam\u00edlias, que plantam alimentos para consumo pr\u00f3prio, como verduras, temperos e legumes frescos e org\u00e2nicos. Atualmente, s\u00e3o 26 hortas na \u00e1rea urbana, em bairros como: Novo Bandeirantes, Ulisses Guimar\u00e3es, Santa Helena, Santo Amaro, Ana Rosa, dentre v\u00e1rios outros.<\/p>\n<p style=\"text-align: justify;\">A<span style=\"text-align: justify;\">s hortas s\u00e3o coordenadas pelos moradores, seja pelas associa\u00e7\u00f5es de bairros ou por grupos formados pelos produtores. Estima-se que a produ\u00e7\u00e3o das hortas beneficia mais de 6 mil pessoas, sendo que o excedente \u00e9 comercializado para complementar a renda familiar, ou \u00e9 doado para entidades e fam\u00edlias carentes. A prefeitura fornece apoio t\u00e9cnico, orientando o plantio, al\u00e9m de ajudar com adubo e demais mantimentos.<\/span><\/p>\n<p><img loading=\"lazy\" decoding=\"async\" class=\"alignleft wp-image-298\" style=\"font-size: 16px; text-align: justify;\" src=\"https:\/\/mambiente.cambe.pr.gov.br\/wp-content\/uploads\/2024\/03\/HortasComunitarias-300x207.jpg\" alt=\"\" width=\"400\" height=\"276\" srcset=\"https:\/\/mambiente.cambe.pr.gov.br\/wp-content\/uploads\/2024\/03\/HortasComunitarias-300x207.jpg 300w, https:\/\/mambiente.cambe.pr.gov.br\/wp-content\/uploads\/2024\/03\/HortasComunitarias.jpg 637w\" sizes=\"auto, (max-width: 400px) 100vw, 400px\" \/><\/p>\n<p><img loading=\"lazy\" decoding=\"async\" class=\"alignleft wp-image-299\" style=\"font-size: 16px; text-align: justify;\" src=\"https:\/\/mambiente.cambe.pr.gov.br\/wp-content\/uploads\/2024\/03\/HortasComunitarias2-225x300.jpeg\" alt=\"\" width=\"207\" height=\"276\" srcset=\"https:\/\/mambiente.cambe.pr.gov.br\/wp-content\/uploads\/2024\/03\/HortasComunitarias2-225x300.jpeg 225w, https:\/\/mambiente.cambe.pr.gov.br\/wp-content\/uploads\/2024\/03\/HortasComunitarias2-768x1024.jpeg 768w, https:\/\/mambiente.cambe.pr.gov.br\/wp-content\/uploads\/2024\/03\/HortasComunitarias2-1152x1536.jpeg 1152w, https:\/\/mambiente.cambe.pr.gov.br\/wp-content\/uploads\/2024\/03\/HortasComunitarias2-1536x2048.jpeg 1536w, https:\/\/mambiente.cambe.pr.gov.br\/wp-content\/uploads\/2024\/03\/HortasComunitarias2-scaled.jpeg 1920w\" sizes=\"auto, (max-width: 207px) 100vw, 207px\" \/><\/p>\n","protected":false},"excerpt":{"rendered":"<p>O Projeto de Hortas Comunit\u00e1rias existe desde 1983 em Camb\u00e9, \u00e9 refer\u00eancia no Paran\u00e1 e atende, direta e indiretamente, cerca de 1.200 fam\u00edlias, que plantam alimentos para consumo pr\u00f3prio, como verduras, temperos e legumes frescos e org\u00e2nicos. Atualmente, s\u00e3o 26 hortas na \u00e1rea urbana, em bairros como: Novo Bandeirantes, Ulisses Guimar\u00e3es, Santa Helena, Santo Amaro, [&hellip;]<\/p>\n","protected":false},"author":1,"featured_media":0,"parent":0,"menu_order":0,"comment_status":"closed","ping_status":"closed","template":"","meta":{"ngg_post_thumbnail":0,"footnotes":""},"class_list":["post-297","page","type-page","status-publish","hentry"],"yoast_head":"<!-- This site is optimized with the Yoast SEO plugin v24.4 - https:\/\/yoast.com\/wordpress\/plugins\/seo\/ -->\n<title>Hortas Comunit\u00e1rias - Secretaria de Agricultura e Meio Ambiente<\/title>\n<meta name=\"robots\" content=\"index, follow, max-snippet:-1, max-image-preview:large, max-video-preview:-1\" \/>\n<link rel=\"canonical\" href=\"https:\/\/mambiente.cambe.pr.gov.br\/index.php\/hortas-comunitarias\/\" \/>\n<meta property=\"og:locale\" content=\"pt_BR\" \/>\n<meta property=\"og:type\" content=\"article\" \/>\n<meta property=\"og:title\" content=\"Hortas Comunit\u00e1rias - Secretaria de Agricultura e Meio Ambiente\" \/>\n<meta property=\"og:description\" content=\"O Projeto de Hortas Comunit\u00e1rias existe desde 1983 em Camb\u00e9, \u00e9 refer\u00eancia no Paran\u00e1 e atende, direta e indiretamente, cerca de 1.200 fam\u00edlias, que plantam alimentos para consumo pr\u00f3prio, como verduras, temperos e legumes frescos e org\u00e2nicos. Atualmente, s\u00e3o 26 hortas na \u00e1rea urbana, em bairros como: Novo Bandeirantes, Ulisses Guimar\u00e3es, Santa Helena, Santo Amaro, [&hellip;]\" \/>\n<meta property=\"og:url\" content=\"https:\/\/mambiente.cambe.pr.gov.br\/index.php\/hortas-comunitarias\/\" \/>\n<meta property=\"og:site_name\" content=\"Secretaria de Agricultura e Meio Ambiente\" \/>\n<meta property=\"article:modified_time\" content=\"2026-04-06T13:58:16+00:00\" \/>\n<meta property=\"og:image\" content=\"https:\/\/mambiente.cambe.pr.gov.br\/wp-content\/uploads\/2024\/03\/HortasComunitarias.jpg\" \/>\n\t<meta property=\"og:image:width\" content=\"637\" \/>\n\t<meta property=\"og:image:height\" content=\"439\" \/>\n\t<meta property=\"og:image:type\" content=\"image\/jpeg\" \/>\n<meta name=\"twitter:card\" content=\"summary_large_image\" \/>\n<meta name=\"twitter:label1\" content=\"Est. tempo de leitura\" \/>\n\t<meta name=\"twitter:data1\" content=\"2 minutos\" \/>\n<script type=\"application\/ld+json\" class=\"yoast-schema-graph\">{\"@context\":\"https:\/\/schema.org\",\"@graph\":[{\"@type\":\"WebPage\",\"@id\":\"https:\/\/mambiente.cambe.pr.gov.br\/index.php\/hortas-comunitarias\/\",\"url\":\"https:\/\/mambiente.cambe.pr.gov.br\/index.php\/hortas-comunitarias\/\",\"name\":\"Hortas Comunit\u00e1rias - Secretaria de Agricultura e Meio Ambiente\",\"isPartOf\":{\"@id\":\"https:\/\/mambiente.cambe.pr.gov.br\/#website\"},\"primaryImageOfPage\":{\"@id\":\"https:\/\/mambiente.cambe.pr.gov.br\/index.php\/hortas-comunitarias\/#primaryimage\"},\"image\":{\"@id\":\"https:\/\/mambiente.cambe.pr.gov.br\/index.php\/hortas-comunitarias\/#primaryimage\"},\"thumbnailUrl\":\"https:\/\/mambiente.cambe.pr.gov.br\/wp-content\/uploads\/2024\/03\/HortasComunitarias-300x207.jpg\",\"datePublished\":\"2024-03-14T16:30:28+00:00\",\"dateModified\":\"2026-04-06T13:58:16+00:00\",\"breadcrumb\":{\"@id\":\"https:\/\/mambiente.cambe.pr.gov.br\/index.php\/hortas-comunitarias\/#breadcrumb\"},\"inLanguage\":\"pt-BR\",\"potentialAction\":[{\"@type\":\"ReadAction\",\"target\":[\"https:\/\/mambiente.cambe.pr.gov.br\/index.php\/hortas-comunitarias\/\"]}]},{\"@type\":\"ImageObject\",\"inLanguage\":\"pt-BR\",\"@id\":\"https:\/\/mambiente.cambe.pr.gov.br\/index.php\/hortas-comunitarias\/#primaryimage\",\"url\":\"https:\/\/mambiente.cambe.pr.gov.br\/wp-content\/uploads\/2024\/03\/HortasComunitarias.jpg\",\"contentUrl\":\"https:\/\/mambiente.cambe.pr.gov.br\/wp-content\/uploads\/2024\/03\/HortasComunitarias.jpg\",\"width\":637,\"height\":439},{\"@type\":\"BreadcrumbList\",\"@id\":\"https:\/\/mambiente.cambe.pr.gov.br\/index.php\/hortas-comunitarias\/#breadcrumb\",\"itemListElement\":[{\"@type\":\"ListItem\",\"position\":1,\"name\":\"In\u00edcio\",\"item\":\"https:\/\/mambiente.cambe.pr.gov.br\/\"},{\"@type\":\"ListItem\",\"position\":2,\"name\":\"Hortas Comunit\u00e1rias\"}]},{\"@type\":\"WebSite\",\"@id\":\"https:\/\/mambiente.cambe.pr.gov.br\/#website\",\"url\":\"https:\/\/mambiente.cambe.pr.gov.br\/\",\"name\":\"Secretaria de Agricultura e Meio Ambiente\",\"description\":\"\",\"publisher\":{\"@id\":\"https:\/\/mambiente.cambe.pr.gov.br\/#organization\"},\"potentialAction\":[{\"@type\":\"SearchAction\",\"target\":{\"@type\":\"EntryPoint\",\"urlTemplate\":\"https:\/\/mambiente.cambe.pr.gov.br\/?s={search_term_string}\"},\"query-input\":{\"@type\":\"PropertyValueSpecification\",\"valueRequired\":true,\"valueName\":\"search_term_string\"}}],\"inLanguage\":\"pt-BR\"},{\"@type\":\"Organization\",\"@id\":\"https:\/\/mambiente.cambe.pr.gov.br\/#organization\",\"name\":\"Secretaria de Agricultura e Meio Ambiente\",\"url\":\"https:\/\/mambiente.cambe.pr.gov.br\/\",\"logo\":{\"@type\":\"ImageObject\",\"inLanguage\":\"pt-BR\",\"@id\":\"https:\/\/mambiente.cambe.pr.gov.br\/#\/schema\/logo\/image\/\",\"url\":\"https:\/\/mambiente.cambe.pr.gov.br\/wp-content\/uploads\/2024\/01\/brasao_cambe.png\",\"contentUrl\":\"https:\/\/mambiente.cambe.pr.gov.br\/wp-content\/uploads\/2024\/01\/brasao_cambe.png\",\"width\":600,\"height\":600,\"caption\":\"Secretaria de Agricultura e Meio Ambiente\"},\"image\":{\"@id\":\"https:\/\/mambiente.cambe.pr.gov.br\/#\/schema\/logo\/image\/\"}}]}<\/script>\n<!-- \/ Yoast SEO plugin. -->","yoast_head_json":{"title":"Hortas Comunit\u00e1rias - Secretaria de Agricultura e Meio Ambiente","robots":{"index":"index","follow":"follow","max-snippet":"max-snippet:-1","max-image-preview":"max-image-preview:large","max-video-preview":"max-video-preview:-1"},"canonical":"https:\/\/mambiente.cambe.pr.gov.br\/index.php\/hortas-comunitarias\/","og_locale":"pt_BR","og_type":"article","og_title":"Hortas Comunit\u00e1rias - Secretaria de Agricultura e Meio Ambiente","og_description":"O Projeto de Hortas Comunit\u00e1rias existe desde 1983 em Camb\u00e9, \u00e9 refer\u00eancia no Paran\u00e1 e atende, direta e indiretamente, cerca de 1.200 fam\u00edlias, que plantam alimentos para consumo pr\u00f3prio, como verduras, temperos e legumes frescos e org\u00e2nicos. Atualmente, s\u00e3o 26 hortas na \u00e1rea urbana, em bairros como: Novo Bandeirantes, Ulisses Guimar\u00e3es, Santa Helena, Santo Amaro, [&hellip;]","og_url":"https:\/\/mambiente.cambe.pr.gov.br\/index.php\/hortas-comunitarias\/","og_site_name":"Secretaria de Agricultura e Meio Ambiente","article_modified_time":"2026-04-06T13:58:16+00:00","og_image":[{"width":637,"height":439,"url":"https:\/\/mambiente.cambe.pr.gov.br\/wp-content\/uploads\/2024\/03\/HortasComunitarias.jpg","type":"image\/jpeg"}],"twitter_card":"summary_large_image","twitter_misc":{"Est. tempo de leitura":"2 minutos"},"schema":{"@context":"https:\/\/schema.org","@graph":[{"@type":"WebPage","@id":"https:\/\/mambiente.cambe.pr.gov.br\/index.php\/hortas-comunitarias\/","url":"https:\/\/mambiente.cambe.pr.gov.br\/index.php\/hortas-comunitarias\/","name":"Hortas Comunit\u00e1rias - Secretaria de Agricultura e Meio Ambiente","isPartOf":{"@id":"https:\/\/mambiente.cambe.pr.gov.br\/#website"},"primaryImageOfPage":{"@id":"https:\/\/mambiente.cambe.pr.gov.br\/index.php\/hortas-comunitarias\/#primaryimage"},"image":{"@id":"https:\/\/mambiente.cambe.pr.gov.br\/index.php\/hortas-comunitarias\/#primaryimage"},"thumbnailUrl":"https:\/\/mambiente.cambe.pr.gov.br\/wp-content\/uploads\/2024\/03\/HortasComunitarias-300x207.jpg","datePublished":"2024-03-14T16:30:28+00:00","dateModified":"2026-04-06T13:58:16+00:00","breadcrumb":{"@id":"https:\/\/mambiente.cambe.pr.gov.br\/index.php\/hortas-comunitarias\/#breadcrumb"},"inLanguage":"pt-BR","potentialAction":[{"@type":"ReadAction","target":["https:\/\/mambiente.cambe.pr.gov.br\/index.php\/hortas-comunitarias\/"]}]},{"@type":"ImageObject","inLanguage":"pt-BR","@id":"https:\/\/mambiente.cambe.pr.gov.br\/index.php\/hortas-comunitarias\/#primaryimage","url":"https:\/\/mambiente.cambe.pr.gov.br\/wp-content\/uploads\/2024\/03\/HortasComunitarias.jpg","contentUrl":"https:\/\/mambiente.cambe.pr.gov.br\/wp-content\/uploads\/2024\/03\/HortasComunitarias.jpg","width":637,"height":439},{"@type":"BreadcrumbList","@id":"https:\/\/mambiente.cambe.pr.gov.br\/index.php\/hortas-comunitarias\/#breadcrumb","itemListElement":[{"@type":"ListItem","position":1,"name":"In\u00edcio","item":"https:\/\/mambiente.cambe.pr.gov.br\/"},{"@type":"ListItem","position":2,"name":"Hortas Comunit\u00e1rias"}]},{"@type":"WebSite","@id":"https:\/\/mambiente.cambe.pr.gov.br\/#website","url":"https:\/\/mambiente.cambe.pr.gov.br\/","name":"Secretaria de Agricultura e Meio Ambiente","description":"","publisher":{"@id":"https:\/\/mambiente.cambe.pr.gov.br\/#organization"},"potentialAction":[{"@type":"SearchAction","target":{"@type":"EntryPoint","urlTemplate":"https:\/\/mambiente.cambe.pr.gov.br\/?s={search_term_string}"},"query-input":{"@type":"PropertyValueSpecification","valueRequired":true,"valueName":"search_term_string"}}],"inLanguage":"pt-BR"},{"@type":"Organization","@id":"https:\/\/mambiente.cambe.pr.gov.br\/#organization","name":"Secretaria de Agricultura e Meio Ambiente","url":"https:\/\/mambiente.cambe.pr.gov.br\/","logo":{"@type":"ImageObject","inLanguage":"pt-BR","@id":"https:\/\/mambiente.cambe.pr.gov.br\/#\/schema\/logo\/image\/","url":"https:\/\/mambiente.cambe.pr.gov.br\/wp-content\/uploads\/2024\/01\/brasao_cambe.png","contentUrl":"https:\/\/mambiente.cambe.pr.gov.br\/wp-content\/uploads\/2024\/01\/brasao_cambe.png","width":600,"height":600,"caption":"Secretaria de Agricultura e Meio Ambiente"},"image":{"@id":"https:\/\/mambiente.cambe.pr.gov.br\/#\/schema\/logo\/image\/"}}]}},"_links":{"self":[{"href":"https:\/\/mambiente.cambe.pr.gov.br\/index.php\/wp-json\/wp\/v2\/pages\/297","targetHints":{"allow":["GET"]}}],"collection":[{"href":"https:\/\/mambiente.cambe.pr.gov.br\/index.php\/wp-json\/wp\/v2\/pages"}],"about":[{"href":"https:\/\/mambiente.cambe.pr.gov.br\/index.php\/wp-json\/wp\/v2\/types\/page"}],"author":[{"embeddable":true,"href":"https:\/\/mambiente.cambe.pr.gov.br\/index.php\/wp-json\/wp\/v2\/users\/1"}],"replies":[{"embeddable":true,"href":"https:\/\/mambiente.cambe.pr.gov.br\/index.php\/wp-json\/wp\/v2\/comments?post=297"}],"version-history":[{"count":5,"href":"https:\/\/mambiente.cambe.pr.gov.br\/index.php\/wp-json\/wp\/v2\/pages\/297\/revisions"}],"predecessor-version":[{"id":305,"href":"https:\/\/mambiente.cambe.pr.gov.br\/index.php\/wp-json\/wp\/v2\/pages\/297\/revisions\/305"}],"wp:attachment":[{"href":"https:\/\/mambiente.cambe.pr.gov.br\/index.php\/wp-json\/wp\/v2\/media?parent=297"}],"curies":[{"name":"wp","href":"https:\/\/api.w.org\/{rel}","templated":true}]}}