{"id":39,"date":"2024-01-10T13:21:30","date_gmt":"2024-01-10T16:21:30","guid":{"rendered":"https:\/\/mambiente.cambe.pr.gov.br\/?page_id=39"},"modified":"2026-04-06T10:58:16","modified_gmt":"2026-04-06T13:58:16","slug":"reciclavel-coleta-seletiva","status":"publish","type":"page","link":"https:\/\/mambiente.cambe.pr.gov.br\/index.php\/residuos-solidos-urbanos\/reciclavel-coleta-seletiva\/","title":{"rendered":"Recicl\u00e1vel\/Coleta seletiva"},"content":{"rendered":"<p style=\"text-align: justify;\">S\u00e3o os materiais que podem ser coletados, processados e transformados em novos produtos atrav\u00e9s do processo de Reciclagem. A reciclagem \u00e9 uma pr\u00e1tica fundamental para a redu\u00e7\u00e3o da quantidade de res\u00edduos enviados para aterros sanit\u00e1rios, a conserva\u00e7\u00e3o de recursos naturais e a redu\u00e7\u00e3o da polui\u00e7\u00e3o ambiental.<\/p>\n<p style=\"text-align: justify;\">Os res\u00edduos que comp\u00f5em esta categoria s\u00e3o:<\/p>\n<table style=\"border: none; border-collapse: collapse; width: 112.654%; height: 212px;\">\n<tbody>\n<tr style=\"height: 165px;\">\n<td style=\"width: 20%; height: 10px;\"><img loading=\"lazy\" decoding=\"async\" class=\"alignleft wp-image-46\" style=\"text-align: justify;\" src=\"https:\/\/mambiente.cambe.pr.gov.br\/wp-content\/uploads\/2024\/01\/papel.jpg\" alt=\"\" width=\"76\" height=\"78\" srcset=\"https:\/\/mambiente.cambe.pr.gov.br\/wp-content\/uploads\/2024\/01\/papel.jpg 217w, https:\/\/mambiente.cambe.pr.gov.br\/wp-content\/uploads\/2024\/01\/papel-50x50.jpg 50w\" sizes=\"auto, (max-width: 76px) 100vw, 76px\" \/><\/td>\n<td style=\"width: 101.329%; height: 10px;\">Papel: folhas brancas, materiais impressos como jornais e revistas, kraft, embalagens.<\/td>\n<\/tr>\n<tr style=\"height: 165px;\">\n<td style=\"width: 20%; height: 50px;\"><img loading=\"lazy\" decoding=\"async\" class=\"alignleft wp-image-45\" src=\"https:\/\/mambiente.cambe.pr.gov.br\/wp-content\/uploads\/2024\/01\/caixa.png\" alt=\"\" width=\"89\" height=\"76\" srcset=\"https:\/\/mambiente.cambe.pr.gov.br\/wp-content\/uploads\/2024\/01\/caixa.png 427w, https:\/\/mambiente.cambe.pr.gov.br\/wp-content\/uploads\/2024\/01\/caixa-300x256.png 300w\" sizes=\"auto, (max-width: 89px) 100vw, 89px\" \/><\/td>\n<td style=\"width: 101.329%; height: 50px;\"><span style=\"text-align: justify;\">Papel\u00e3o: caixas, fragmentos de embalagens.<\/span><\/td>\n<\/tr>\n<tr style=\"height: 157px;\">\n<td style=\"width: 20%; height: 50px;\"><img loading=\"lazy\" decoding=\"async\" class=\"alignnone wp-image-44\" src=\"https:\/\/mambiente.cambe.pr.gov.br\/wp-content\/uploads\/2024\/01\/plastico.png\" alt=\"\" width=\"69\" height=\"89\" \/><\/td>\n<td style=\"width: 101.329%; height: 50px;\"><span style=\"text-align: justify;\">Pl\u00e1stico: sacos de lixo, sacolas de lojas e supermercados, embalagens de alimentos, frascos, garrafas pet, bisnagas de produtos de higiene pessoal e de limpeza dom\u00e9stica.<\/span><\/td>\n<\/tr>\n<tr style=\"height: 157px;\">\n<td style=\"width: 20%; height: 10px;\"><img loading=\"lazy\" decoding=\"async\" class=\"wp-image-43 alignleft\" src=\"https:\/\/mambiente.cambe.pr.gov.br\/wp-content\/uploads\/2024\/01\/tetra-pak.jpg\" alt=\"\" width=\"78\" height=\"92\" \/><\/td>\n<td style=\"width: 101.329%; height: 10px;\"><span style=\"text-align: justify;\">Tetra Pak: caixas de leite e de suco.<\/span><\/td>\n<\/tr>\n<tr style=\"height: 157px;\">\n<td style=\"width: 20%; height: 50px;\"><img loading=\"lazy\" decoding=\"async\" class=\"alignnone wp-image-42\" src=\"https:\/\/mambiente.cambe.pr.gov.br\/wp-content\/uploads\/2024\/01\/metal.png\" alt=\"\" width=\"49\" height=\"80\" \/><\/td>\n<td style=\"width: 101.329%; height: 50px;\"><span style=\"text-align: justify;\">Metal: latas de alimentos em conserva, latas de alum\u00ednio, lacres, ferramentas, fragmentos\u00a0 e utens\u00edlios dom\u00e9sticos.<\/span><\/td>\n<\/tr>\n<tr style=\"height: 24px;\">\n<td style=\"width: 20%; height: 42px;\"><img loading=\"lazy\" decoding=\"async\" class=\"alignnone wp-image-41\" src=\"https:\/\/mambiente.cambe.pr.gov.br\/wp-content\/uploads\/2024\/01\/vidro.png\" alt=\"\" width=\"54\" height=\"80\" \/><\/td>\n<td style=\"width: 101.329%; height: 42px;\"><span style=\"text-align: justify;\">Vidro: garrafas, potes de conserva, copos, fragmentos.<\/span><\/td>\n<\/tr>\n<\/tbody>\n<\/table>\n<p>&nbsp;<\/p>\n<p><img loading=\"lazy\" decoding=\"async\" class=\"wp-image-55 size-full aligncenter\" src=\"https:\/\/mambiente.cambe.pr.gov.br\/wp-content\/uploads\/2024\/01\/higiene_desartaveis.jpg\" alt=\"\" width=\"530\" height=\"343\" srcset=\"https:\/\/mambiente.cambe.pr.gov.br\/wp-content\/uploads\/2024\/01\/higiene_desartaveis.jpg 530w, https:\/\/mambiente.cambe.pr.gov.br\/wp-content\/uploads\/2024\/01\/higiene_desartaveis-300x194.jpg 300w\" sizes=\"auto, (max-width: 530px) 100vw, 530px\" \/><\/p>\n<p style=\"text-align: justify;\">Atualmente, a coleta seletiva em Camb\u00e9 \u00e9 realizada em aproximadamente 63% da \u00e1rea urbana do munic\u00edpio. Alcan\u00e7ar 100% de cobertura de coleta seletiva \u00e9 um objetivo ambicioso, mas com um planejamento adequado, educa\u00e7\u00e3o cont\u00ednua e o apoio da comunidade, \u00e9 poss\u00edvel torn\u00e1-lo realidade. Essa conquista n\u00e3o apenas beneficiar\u00e1 o meio ambiente, mas tamb\u00e9m melhorar\u00e1 a qualidade de vida dos catadores de materiais recicl\u00e1veis.<\/p>\n<p style=\"text-align: justify;\">A responsabilidade de disponibilizar para a popula\u00e7\u00e3o de Camb\u00e9 o servi\u00e7o de coleta seletiva dos res\u00edduos s\u00f3lidos urbanos \u00e9 da SAMA. Atualmente, este servi\u00e7o \u00e9 executado por duas cooperativas (Corasec e Recicla Brasil) e uma associa\u00e7\u00e3o de catadores de materiais recicl\u00e1veis (Assurban), devidamente credenciadas e com contrato vigente com a Prefeitura Municipal.<br \/>\nAs entidades s\u00e3o respons\u00e1veis pela coleta, triagem e a comercializa\u00e7\u00e3o dos res\u00edduos. Os mun\u00edcipes, por sua vez, s\u00e3o respons\u00e1veis por acondicionar adequadamente e de forma diferenciada os res\u00edduos recicl\u00e1veis.<\/p>\n<p style=\"text-align: justify;\">A coleta seletiva porta a porta \u00e9 realizada uma vez por semana, nas \u00e1reas de abrang\u00eancia dos contratos das cooperativas, Recicla Brasil, Corasec e Assurban.<\/p>\n<div class=\"rl-gallery-container rl-loading\" id=\"rl-gallery-container-1\" data-gallery_id=\"155\"> <h4 class=\"rl-gallery-title\">\u00c1rea de atendimento das cooperativas e associa\u00e7\u00e3o.<\/h4> <div class=\"rl-gallery rl-basicgrid-gallery \" id=\"rl-gallery-1\" data-gallery_no=\"1\"> <div class=\"rl-gallery-item\"><a href=\"https:\/\/mambiente.cambe.pr.gov.br\/wp-content\/uploads\/2024\/01\/area_coleta_atendimento_cooperativa.png\" title=\"\u00c1rea de atendimento das cooperativas e associa\u00e7\u00e3o.\" data-rl_title=\"\u00c1rea de atendimento das cooperativas e associa\u00e7\u00e3o.\" class=\"rl-gallery-link\" data-rl_caption=\"\" data-rel=\"lightbox-gallery-1\"><img loading=\"lazy\" decoding=\"async\" src=\"https:\/\/mambiente.cambe.pr.gov.br\/wp-content\/uploads\/2024\/01\/area_coleta_atendimento_cooperativa-1024x720.png\" width=\"955\" height=\"671\" alt=\"\"\/><\/a><\/div> <\/div> <\/div>\n<div class=\"rl-gallery-container rl-loading\" id=\"rl-gallery-container-2\" data-gallery_id=\"160\"> <h4 class=\"rl-gallery-title\">Dias da coleta seletiva das cooperativas e associa\u00e7\u00e3o<\/h4> <div class=\"rl-gallery rl-basicgrid-gallery \" id=\"rl-gallery-2\" data-gallery_no=\"2\"> <div class=\"rl-gallery-item\"><a href=\"https:\/\/mambiente.cambe.pr.gov.br\/wp-content\/uploads\/2024\/01\/dias_coleta_atendimento_cooperativa.png\" title=\"Dias da coleta seletiva das cooperativas e associa\u00e7\u00e3o\" data-rl_title=\"Dias da coleta seletiva das cooperativas e associa\u00e7\u00e3o\" class=\"rl-gallery-link\" data-rl_caption=\"\" data-rel=\"lightbox-gallery-2\"><img loading=\"lazy\" decoding=\"async\" src=\"https:\/\/mambiente.cambe.pr.gov.br\/wp-content\/uploads\/2024\/01\/dias_coleta_atendimento_cooperativa-1024x730.png\" width=\"955\" height=\"681\" alt=\"\"\/><\/a><\/div> <\/div> <\/div>\n<p>&nbsp;<\/p>\n","protected":false},"excerpt":{"rendered":"<p>S\u00e3o os materiais que podem ser coletados, processados e transformados em novos produtos atrav\u00e9s do processo de Reciclagem. A reciclagem \u00e9 uma pr\u00e1tica fundamental para a redu\u00e7\u00e3o da quantidade de res\u00edduos enviados para aterros sanit\u00e1rios, a conserva\u00e7\u00e3o de recursos naturais e a redu\u00e7\u00e3o da polui\u00e7\u00e3o ambiental. Os res\u00edduos que comp\u00f5em esta categoria s\u00e3o: Papel: folhas [&hellip;]<\/p>\n","protected":false},"author":1,"featured_media":0,"parent":16,"menu_order":1,"comment_status":"closed","ping_status":"closed","template":"","meta":{"ngg_post_thumbnail":0,"footnotes":""},"class_list":["post-39","page","type-page","status-publish","hentry"],"yoast_head":"<!-- This site is optimized with the Yoast SEO plugin v24.4 - https:\/\/yoast.com\/wordpress\/plugins\/seo\/ -->\n<title>Recicl\u00e1vel\/Coleta seletiva - Secretaria de Agricultura e Meio Ambiente<\/title>\n<meta name=\"robots\" content=\"index, follow, max-snippet:-1, max-image-preview:large, max-video-preview:-1\" \/>\n<link rel=\"canonical\" href=\"https:\/\/mambiente.cambe.pr.gov.br\/index.php\/residuos-solidos-urbanos\/reciclavel-coleta-seletiva\/\" \/>\n<meta property=\"og:locale\" content=\"pt_BR\" \/>\n<meta property=\"og:type\" content=\"article\" \/>\n<meta property=\"og:title\" content=\"Recicl\u00e1vel\/Coleta seletiva - Secretaria de Agricultura e Meio Ambiente\" \/>\n<meta property=\"og:description\" content=\"S\u00e3o os materiais que podem ser coletados, processados e transformados em novos produtos atrav\u00e9s do processo de Reciclagem. A reciclagem \u00e9 uma pr\u00e1tica fundamental para a redu\u00e7\u00e3o da quantidade de res\u00edduos enviados para aterros sanit\u00e1rios, a conserva\u00e7\u00e3o de recursos naturais e a redu\u00e7\u00e3o da polui\u00e7\u00e3o ambiental. Os res\u00edduos que comp\u00f5em esta categoria s\u00e3o: Papel: folhas [&hellip;]\" \/>\n<meta property=\"og:url\" content=\"https:\/\/mambiente.cambe.pr.gov.br\/index.php\/residuos-solidos-urbanos\/reciclavel-coleta-seletiva\/\" \/>\n<meta property=\"og:site_name\" content=\"Secretaria de Agricultura e Meio Ambiente\" \/>\n<meta property=\"article:modified_time\" content=\"2026-04-06T13:58:16+00:00\" \/>\n<meta property=\"og:image\" content=\"https:\/\/mambiente.cambe.pr.gov.br\/wp-content\/uploads\/2024\/01\/papel.jpg\" \/>\n\t<meta property=\"og:image:width\" content=\"217\" \/>\n\t<meta property=\"og:image:height\" content=\"224\" \/>\n\t<meta property=\"og:image:type\" content=\"image\/jpeg\" \/>\n<meta name=\"twitter:card\" content=\"summary_large_image\" \/>\n<meta name=\"twitter:label1\" content=\"Est. tempo de leitura\" \/>\n\t<meta name=\"twitter:data1\" content=\"4 minutos\" \/>\n<script type=\"application\/ld+json\" class=\"yoast-schema-graph\">{\"@context\":\"https:\/\/schema.org\",\"@graph\":[{\"@type\":\"WebPage\",\"@id\":\"https:\/\/mambiente.cambe.pr.gov.br\/index.php\/residuos-solidos-urbanos\/reciclavel-coleta-seletiva\/\",\"url\":\"https:\/\/mambiente.cambe.pr.gov.br\/index.php\/residuos-solidos-urbanos\/reciclavel-coleta-seletiva\/\",\"name\":\"Recicl\u00e1vel\/Coleta seletiva - Secretaria de Agricultura e Meio Ambiente\",\"isPartOf\":{\"@id\":\"https:\/\/mambiente.cambe.pr.gov.br\/#website\"},\"primaryImageOfPage\":{\"@id\":\"https:\/\/mambiente.cambe.pr.gov.br\/index.php\/residuos-solidos-urbanos\/reciclavel-coleta-seletiva\/#primaryimage\"},\"image\":{\"@id\":\"https:\/\/mambiente.cambe.pr.gov.br\/index.php\/residuos-solidos-urbanos\/reciclavel-coleta-seletiva\/#primaryimage\"},\"thumbnailUrl\":\"https:\/\/mambiente.cambe.pr.gov.br\/wp-content\/uploads\/2024\/01\/papel.jpg\",\"datePublished\":\"2024-01-10T16:21:30+00:00\",\"dateModified\":\"2026-04-06T13:58:16+00:00\",\"breadcrumb\":{\"@id\":\"https:\/\/mambiente.cambe.pr.gov.br\/index.php\/residuos-solidos-urbanos\/reciclavel-coleta-seletiva\/#breadcrumb\"},\"inLanguage\":\"pt-BR\",\"potentialAction\":[{\"@type\":\"ReadAction\",\"target\":[\"https:\/\/mambiente.cambe.pr.gov.br\/index.php\/residuos-solidos-urbanos\/reciclavel-coleta-seletiva\/\"]}]},{\"@type\":\"ImageObject\",\"inLanguage\":\"pt-BR\",\"@id\":\"https:\/\/mambiente.cambe.pr.gov.br\/index.php\/residuos-solidos-urbanos\/reciclavel-coleta-seletiva\/#primaryimage\",\"url\":\"https:\/\/mambiente.cambe.pr.gov.br\/wp-content\/uploads\/2024\/01\/papel.jpg\",\"contentUrl\":\"https:\/\/mambiente.cambe.pr.gov.br\/wp-content\/uploads\/2024\/01\/papel.jpg\",\"width\":217,\"height\":224},{\"@type\":\"BreadcrumbList\",\"@id\":\"https:\/\/mambiente.cambe.pr.gov.br\/index.php\/residuos-solidos-urbanos\/reciclavel-coleta-seletiva\/#breadcrumb\",\"itemListElement\":[{\"@type\":\"ListItem\",\"position\":1,\"name\":\"In\u00edcio\",\"item\":\"https:\/\/mambiente.cambe.pr.gov.br\/\"},{\"@type\":\"ListItem\",\"position\":2,\"name\":\"Res\u00edduos s\u00f3lidos urbanos\",\"item\":\"https:\/\/mambiente.cambe.pr.gov.br\/index.php\/residuos-solidos-urbanos\/\"},{\"@type\":\"ListItem\",\"position\":3,\"name\":\"Recicl\u00e1vel\/Coleta seletiva\"}]},{\"@type\":\"WebSite\",\"@id\":\"https:\/\/mambiente.cambe.pr.gov.br\/#website\",\"url\":\"https:\/\/mambiente.cambe.pr.gov.br\/\",\"name\":\"Secretaria de Agricultura e Meio Ambiente\",\"description\":\"\",\"publisher\":{\"@id\":\"https:\/\/mambiente.cambe.pr.gov.br\/#organization\"},\"potentialAction\":[{\"@type\":\"SearchAction\",\"target\":{\"@type\":\"EntryPoint\",\"urlTemplate\":\"https:\/\/mambiente.cambe.pr.gov.br\/?s={search_term_string}\"},\"query-input\":{\"@type\":\"PropertyValueSpecification\",\"valueRequired\":true,\"valueName\":\"search_term_string\"}}],\"inLanguage\":\"pt-BR\"},{\"@type\":\"Organization\",\"@id\":\"https:\/\/mambiente.cambe.pr.gov.br\/#organization\",\"name\":\"Secretaria de Agricultura e Meio Ambiente\",\"url\":\"https:\/\/mambiente.cambe.pr.gov.br\/\",\"logo\":{\"@type\":\"ImageObject\",\"inLanguage\":\"pt-BR\",\"@id\":\"https:\/\/mambiente.cambe.pr.gov.br\/#\/schema\/logo\/image\/\",\"url\":\"https:\/\/mambiente.cambe.pr.gov.br\/wp-content\/uploads\/2024\/01\/brasao_cambe.png\",\"contentUrl\":\"https:\/\/mambiente.cambe.pr.gov.br\/wp-content\/uploads\/2024\/01\/brasao_cambe.png\",\"width\":600,\"height\":600,\"caption\":\"Secretaria de Agricultura e Meio Ambiente\"},\"image\":{\"@id\":\"https:\/\/mambiente.cambe.pr.gov.br\/#\/schema\/logo\/image\/\"}}]}<\/script>\n<!-- \/ Yoast SEO plugin. -->","yoast_head_json":{"title":"Recicl\u00e1vel\/Coleta seletiva - Secretaria de Agricultura e Meio Ambiente","robots":{"index":"index","follow":"follow","max-snippet":"max-snippet:-1","max-image-preview":"max-image-preview:large","max-video-preview":"max-video-preview:-1"},"canonical":"https:\/\/mambiente.cambe.pr.gov.br\/index.php\/residuos-solidos-urbanos\/reciclavel-coleta-seletiva\/","og_locale":"pt_BR","og_type":"article","og_title":"Recicl\u00e1vel\/Coleta seletiva - Secretaria de Agricultura e Meio Ambiente","og_description":"S\u00e3o os materiais que podem ser coletados, processados e transformados em novos produtos atrav\u00e9s do processo de Reciclagem. A reciclagem \u00e9 uma pr\u00e1tica fundamental para a redu\u00e7\u00e3o da quantidade de res\u00edduos enviados para aterros sanit\u00e1rios, a conserva\u00e7\u00e3o de recursos naturais e a redu\u00e7\u00e3o da polui\u00e7\u00e3o ambiental. Os res\u00edduos que comp\u00f5em esta categoria s\u00e3o: Papel: folhas [&hellip;]","og_url":"https:\/\/mambiente.cambe.pr.gov.br\/index.php\/residuos-solidos-urbanos\/reciclavel-coleta-seletiva\/","og_site_name":"Secretaria de Agricultura e Meio Ambiente","article_modified_time":"2026-04-06T13:58:16+00:00","og_image":[{"width":217,"height":224,"url":"https:\/\/mambiente.cambe.pr.gov.br\/wp-content\/uploads\/2024\/01\/papel.jpg","type":"image\/jpeg"}],"twitter_card":"summary_large_image","twitter_misc":{"Est. tempo de leitura":"4 minutos"},"schema":{"@context":"https:\/\/schema.org","@graph":[{"@type":"WebPage","@id":"https:\/\/mambiente.cambe.pr.gov.br\/index.php\/residuos-solidos-urbanos\/reciclavel-coleta-seletiva\/","url":"https:\/\/mambiente.cambe.pr.gov.br\/index.php\/residuos-solidos-urbanos\/reciclavel-coleta-seletiva\/","name":"Recicl\u00e1vel\/Coleta seletiva - Secretaria de Agricultura e Meio Ambiente","isPartOf":{"@id":"https:\/\/mambiente.cambe.pr.gov.br\/#website"},"primaryImageOfPage":{"@id":"https:\/\/mambiente.cambe.pr.gov.br\/index.php\/residuos-solidos-urbanos\/reciclavel-coleta-seletiva\/#primaryimage"},"image":{"@id":"https:\/\/mambiente.cambe.pr.gov.br\/index.php\/residuos-solidos-urbanos\/reciclavel-coleta-seletiva\/#primaryimage"},"thumbnailUrl":"https:\/\/mambiente.cambe.pr.gov.br\/wp-content\/uploads\/2024\/01\/papel.jpg","datePublished":"2024-01-10T16:21:30+00:00","dateModified":"2026-04-06T13:58:16+00:00","breadcrumb":{"@id":"https:\/\/mambiente.cambe.pr.gov.br\/index.php\/residuos-solidos-urbanos\/reciclavel-coleta-seletiva\/#breadcrumb"},"inLanguage":"pt-BR","potentialAction":[{"@type":"ReadAction","target":["https:\/\/mambiente.cambe.pr.gov.br\/index.php\/residuos-solidos-urbanos\/reciclavel-coleta-seletiva\/"]}]},{"@type":"ImageObject","inLanguage":"pt-BR","@id":"https:\/\/mambiente.cambe.pr.gov.br\/index.php\/residuos-solidos-urbanos\/reciclavel-coleta-seletiva\/#primaryimage","url":"https:\/\/mambiente.cambe.pr.gov.br\/wp-content\/uploads\/2024\/01\/papel.jpg","contentUrl":"https:\/\/mambiente.cambe.pr.gov.br\/wp-content\/uploads\/2024\/01\/papel.jpg","width":217,"height":224},{"@type":"BreadcrumbList","@id":"https:\/\/mambiente.cambe.pr.gov.br\/index.php\/residuos-solidos-urbanos\/reciclavel-coleta-seletiva\/#breadcrumb","itemListElement":[{"@type":"ListItem","position":1,"name":"In\u00edcio","item":"https:\/\/mambiente.cambe.pr.gov.br\/"},{"@type":"ListItem","position":2,"name":"Res\u00edduos s\u00f3lidos urbanos","item":"https:\/\/mambiente.cambe.pr.gov.br\/index.php\/residuos-solidos-urbanos\/"},{"@type":"ListItem","position":3,"name":"Recicl\u00e1vel\/Coleta seletiva"}]},{"@type":"WebSite","@id":"https:\/\/mambiente.cambe.pr.gov.br\/#website","url":"https:\/\/mambiente.cambe.pr.gov.br\/","name":"Secretaria de Agricultura e Meio Ambiente","description":"","publisher":{"@id":"https:\/\/mambiente.cambe.pr.gov.br\/#organization"},"potentialAction":[{"@type":"SearchAction","target":{"@type":"EntryPoint","urlTemplate":"https:\/\/mambiente.cambe.pr.gov.br\/?s={search_term_string}"},"query-input":{"@type":"PropertyValueSpecification","valueRequired":true,"valueName":"search_term_string"}}],"inLanguage":"pt-BR"},{"@type":"Organization","@id":"https:\/\/mambiente.cambe.pr.gov.br\/#organization","name":"Secretaria de Agricultura e Meio Ambiente","url":"https:\/\/mambiente.cambe.pr.gov.br\/","logo":{"@type":"ImageObject","inLanguage":"pt-BR","@id":"https:\/\/mambiente.cambe.pr.gov.br\/#\/schema\/logo\/image\/","url":"https:\/\/mambiente.cambe.pr.gov.br\/wp-content\/uploads\/2024\/01\/brasao_cambe.png","contentUrl":"https:\/\/mambiente.cambe.pr.gov.br\/wp-content\/uploads\/2024\/01\/brasao_cambe.png","width":600,"height":600,"caption":"Secretaria de Agricultura e Meio Ambiente"},"image":{"@id":"https:\/\/mambiente.cambe.pr.gov.br\/#\/schema\/logo\/image\/"}}]}},"_links":{"self":[{"href":"https:\/\/mambiente.cambe.pr.gov.br\/index.php\/wp-json\/wp\/v2\/pages\/39","targetHints":{"allow":["GET"]}}],"collection":[{"href":"https:\/\/mambiente.cambe.pr.gov.br\/index.php\/wp-json\/wp\/v2\/pages"}],"about":[{"href":"https:\/\/mambiente.cambe.pr.gov.br\/index.php\/wp-json\/wp\/v2\/types\/page"}],"author":[{"embeddable":true,"href":"https:\/\/mambiente.cambe.pr.gov.br\/index.php\/wp-json\/wp\/v2\/users\/1"}],"replies":[{"embeddable":true,"href":"https:\/\/mambiente.cambe.pr.gov.br\/index.php\/wp-json\/wp\/v2\/comments?post=39"}],"version-history":[{"count":51,"href":"https:\/\/mambiente.cambe.pr.gov.br\/index.php\/wp-json\/wp\/v2\/pages\/39\/revisions"}],"predecessor-version":[{"id":530,"href":"https:\/\/mambiente.cambe.pr.gov.br\/index.php\/wp-json\/wp\/v2\/pages\/39\/revisions\/530"}],"up":[{"embeddable":true,"href":"https:\/\/mambiente.cambe.pr.gov.br\/index.php\/wp-json\/wp\/v2\/pages\/16"}],"wp:attachment":[{"href":"https:\/\/mambiente.cambe.pr.gov.br\/index.php\/wp-json\/wp\/v2\/media?parent=39"}],"curies":[{"name":"wp","href":"https:\/\/api.w.org\/{rel}","templated":true}]}}